es 273 divide 399659?
False
Is 217 a factor of 146639?
False
Does 23 divide 106858?
True
Does 6 divide 141264?
True
Is 168150 a multiple of 190?
True
Does 25 divide 27484?
False
Is 191679 a multiple of 181?
True
Is 137 a factor of 5687692?
True
Is 355680 a multiple of 95?
True
Is 152 a factor of 8819800?
True
Is 313150 a multiple of 111?
False
Does 3 divide 780865?
False
Does 470 divide 17722760?
True
Is 20309350 a multiple of 25?
True
Is 925 a factor of 1830575?
True
Is 23272335 a multiple of 15?
True
Is 1788 a factor of 10876184?
False
Is 99 a factor of 84051?
True
Is 11 a factor of 31790?
True
Does 7 divide 517342?
True
Does 39 divide 145782?
True
Is 1113514 a multiple of 23?
False
Does 9 divide 22389?
False
Does 242 divide 271524?
True
Is 18 a factor of 6801642?
True
Is 30 a factor of 9879437?
False
Is 8892285 a multiple of 57?
True
Is 262306 a multiple of 11?
True
Does 7 divide 860776?
True
Is 10 a factor of 7755416?
False
Is 26 a factor of 26780?
True
Does 12 divide 2506056?
True
Is 15281 a multiple of 37?
True
Is 44033 a multiple of 31?
False
Is 4756485 a multiple of 155?
True
Is 381175 a multiple of 8?
False
Does 14 divide 10008236?
True
Does 193 divide 379971?
False
Is 984738 a multiple of 64?
False
Is 271164 a multiple of 236?
True
Does 159 divide 5088?
True
Does 18 divide 266400?
True
Is 240200 a multiple of 5?
True
Is 20 a factor of 6926314?
False
Does 17 divide 528853?
True
Does 143 divide 158730?
True
Is 27 a factor of 23571?
True
Does 77 divide 599042?
False
Is 134 a factor of 1180540?
True
Is 6128114 a multiple of 16?
False
Does 828 divide 3224232?
True
Does 141 divide 993909?
True
Is 22 a factor of 4413442?
True
Is 74 a factor of 19069726?
True
Does 67 divide 191218?
True
Is 22 a factor of 123484?
False
Is 6890 a multiple of 10?
True
Is 30 a factor of 789810?
True
Does 13 divide 347126?
True
Is 324 a factor of 2404404?
True
Is 421269 a multiple of 226?
False
Is 20 a factor of 9540?
True
Does 15 divide 245160?
True
Is 3031160 a multiple of 55?
True
Is 2140644 a multiple of 66?
True
Is 567 a factor of 3785898?
False
Does 60 divide 3754740?
True
Is 387 a factor of 2433602?
False
Is 15516416 a multiple of 242?
False
Is 540 a factor of 408621?
False
Is 8 a factor of 301529?
False
Does 314 divide 467207?
False
Is 462696 a multiple of 38?
False
Is 4 a factor of 80088?
True
Does 21 divide 2677815?
True
Is 186 a factor of 835698?
True
Is 58 a factor of 7484030?
True
Does 6 divide 213710?
False
Is 863 a factor of 1352067?
False
Does 6 divide 356214?
True
Is 5 a factor of 60540?
True
Does 91 divide 2943499?
False
Does 31 divide 289013?
True
Does 16 divide 1120864?
True
Is 3225505 a multiple of 463?
False
Does 351 divide 784485?
True
Is 99794 a multiple of 41?
True
Is 389707 a multiple of 124?
False
Is 3 a factor of 40602?
True
Is 141133 a multiple of 12?
False
Is 239 a factor of 2632190?
False
Is 114376 a multiple of 7?
False
Is 244 a factor of 568520?
True
Is 30 a factor of 29310?
True
Does 467 divide 173920?
False
Is 716 a factor of 8679647?
False
Does 18 divide 84780?
True
Does 2037 divide 4952324?
False
Is 49 a factor of 116309?
False
Is 60 a factor of 7091520?
True
Is 220167 a multiple of 80?
False
Does 183 divide 5769216?
False
Is 134636 a multiple of 97?
True
Is 575 a factor of 345269?
False
Is 79 a factor of 697807?
True
Is 389536 a multiple of 36?
False
Does 618 divide 3035616?
True
Is 200178 a multiple of 297?
True
Is 24 a factor of 55392?
True
Is 6152616 a multiple of 72?
True
Is 133494 a multiple of 18?
False
Does 9 divide 3605066?
False
Is 1168884 a multiple of 18?
True
Is 16905 a multiple of 5?
True
Is 18509477 a multiple of 19?
True
Is 104 a factor of 12895135?
False
Is 78998 a multiple of 162?
False
Does 167 divide 109973?
False
Does 125 divide 472786?
False
Is 32 a factor of 378288?
False
Is 17 a factor of 653524?
False
Is 173 a factor of 41398?
False
Does 18 divide 683547?
False
Is 391511 a multiple of 83?
True
Is 1088254 a multiple of 1294?
True
Does 47 divide 5452?
True
Is 9 a factor of 880908?
False
Is 3178 a multiple of 95?
False
Does 363 divide 2266935?
True
Does 141 divide 430473?
True
Does 4 divide 151076?
True
Does 898 divide 801914?
True
Is 423 a factor of 189442?
False
Is 209245 a multiple of 17?
False
Is 37 a factor of 246618?
False
Is 48 a factor of 29614?
False
Is 223 a factor of 6913?
True
Does 8 divide 89684?
False
Does 10 divide 17896?
False
Is 2164524 a multiple of 61?
True
Does 231 divide 202125?
True
Is 40 a factor of 261120?
True
Does 14 divide 72804?
False
Is 92316 a multiple of 12?
True
Is 6122001 a multiple of 303?
False
Is 27 a factor of 247185?
True
Is 3 a factor of 41558?
False
Is 893 a factor of 8531722?
True
Is 157850 a multiple of 22?
True
Is 51 a factor of 137304?
False
Is 11 a factor of 139821?
True
Is 439952 a multiple of 62?
True
Is 415 a factor of 4527900?
False
Is 683417 a multiple of 119?
True
Is 140 a factor of 176260?
True
Is 9 a factor of 213435?
True
Is 7 a factor of 90356?
True
Is 7986144 a multiple of 10?
False
Is 4183 a multiple of 89?
True
Is 156 a factor of 2160568?
False
Is 51456 a multiple of 16?
True
Is 2 a factor of 117038?
True
Is 88800 a multiple of 10?
True
Is 1238 a factor of 3736284?
True
Is 1317 a multiple of 124?
False
Is 167 a factor of 248162?
True
Is 19 a factor of 399013?
False
Does 17 divide 124403?
False
Is 3656562 a multiple of 6?
True
Is 688 a factor of 3030214?
False
Is 254100 a multiple of 175?
True
Is 22 a factor of 2123764?
False
Is 79 a factor of 569131?
False
Is 9 a factor of 192512?
False
Is 27 a factor of 337959?
True
Does 88 divide 727232?
True
Is 37 a factor of 4180553?
False
Does 442 divide 278144?
False
Is 3 a factor of 38445?
True
Is 490 a factor of 40096?
False
Is 174 a factor of 28014?
True
Is 40960 a multiple of 18?
False
Is 3500406 a multiple of 14?
True
Is 14069 a multiple of 12?
False
Does 94 divide 28036194?
False
Is 202718 a multiple of 28?
False
Is 17304 a multiple of 21?
True
Is 182 a factor of 404828?
False
Is 20 a factor of 14356?
False
Is 69184 a multiple of 197?
False
Is 275 a factor of 1054184?
False
Is 53 a factor of 184615?
False
Is 2711296 a multiple of 448?
True
Does 348 divide 635100?
True
Is 1055684 a multiple of 74?
True
Is 22 a factor of 1094852?
True
Does 139 divide 24571032?
False
Is 103 a factor of 23072?
True
Does 79 divide 22110?
False
Is 121 a factor of 238491?
True
Does 10 divide 289834?
False
Does 24 divide 47387?
False
Is 14 a factor of 376872?
False
Does 547 divide 361020?
True
Is 200675 a multiple of 115?
True
Does 697 divide 3554700?
True
Does 16 divide 16302257?
False
Does 356 divide 6137178?
False
Is 52941 a multiple of 21?
True
Does 7 divide 113388?
False
Is 19322940 a multiple of 182?
True
Does 15 divide 101610?
True
Does 464 divide 57527?
False
Is 267116 a multiple of 503?
False
Is 23 a factor of 102534?
True
Is 2021355 a multiple of 35?
True
Is 85 a factor of 1766092?
False
Does 110 divide 324940?
True
Is 93765 a multiple of 3?
True
Is 27600904 a multiple of 394?
False
Is 24 a factor of 58863?
False
Is 332252 a multiple of 22?
False
Is 196 a factor of 16973992?
True
Does 54 divide 289386?
True
Is 161 a factor of 69890?
False
Does 43 divide 135837?
True
Is 29 a factor of 2701904?
False
Is 1981789 a multiple of 69?
False
Does 4 divide 1876344?
True
Does 586 divide 12538169?
False
Does 79 divide 300417?
False
Is 13838253 a multiple of 1556?
False
Is 868405 a multiple of 18?
False
Is 30 a factor of 6314789?
False
Is 4710170 a multiple of 44?
False
Is 5750264 a multiple of 301?
False
Is 26890738 a multiple of 21?
False
Is 116 a factor of 127484?
True
Is 40 a factor of 18399?
False
Is 323053 a multiple of 27?
False
Is 27280 a multiple of 10?
True
Is 252501 a multiple of 529?
False
Is 19 a factor of 4572917?
False
Is 7910230 a multiple of 37?
True
Is 539630 a multiple of 910?
True
Does 129 divide 127968?
True
Is 197944 even?
True
Is 16708 a multiple of 5?
False
Is 48 a factor of 593280?
True
Does 19 divide 244264?
True
Is 151 a factor of 713928?
True
Does 5 divide 16547?
False
Is 5 a factor of 16185?
True
Does 30 divide 1611716?
False
Is 58845 a multiple of 2?
False
Is 56 a factor of 293214?
False
Does 61 divide 32288642?
True
Is 178 a factor of 77337?
False
Is 187403 a multiple of 22?
False
Is 15 a factor